are the prime factors of 28013746?
2, 14006873
What are the prime factors of 238914159?
3, 11, 7239823
What are the prime factors of 349772825?
5, 47, 109, 2731
What are the prime factors of 33385350?
2, 3, 5, 131, 1699
List the prime factors of 1888313079.
3, 10271, 61283
What are the prime factors of 13926561?
3, 11, 503, 839
What are the prime factors of 93042096?
2, 3, 7, 67, 4133
What are the prime factors of 254467617?
3, 443, 191473
What are the prime factors of 3755405894?
2, 277, 2131, 3181
List the prime factors of 299514578.
2, 11, 13614299
List the prime factors of 2901124942.
2, 1450562471
List the prime factors of 140803804.
2, 35200951
What are the prime factors of 4970022300?
2, 3, 5, 31, 19793
List the prime factors of 53978721.
3, 2711, 6637
What are the prime factors of 42239340?
2, 3, 5, 11, 13, 547
List the prime factors of 51138044.
2, 19, 672869
List the prime factors of 4215223928.
2, 139, 27271
List the prime factors of 479682238.
2, 7, 34263017
What are the prime factors of 206796338?
2, 7, 131, 112757
List the prime factors of 45887439.
3, 13, 1176601
List the prime factors of 2751773765.
5, 13, 17, 191561
What are the prime factors of 288746142?
2, 3, 193, 389, 641
List the prime factors of 125998515.
3, 5, 2799967
List the prime factors of 661185190.
2, 5, 37, 47, 193, 197
What are the prime factors of 668534733?
3, 74281637
List the prime factors of 16706672.
2, 1044167
What are the prime factors of 1977865987?
97, 3607, 5653
What are the prime factors of 132153326?
2, 103, 641521
List the prime factors of 17886752.
2, 13, 19, 31, 73
What are the prime factors of 291598611?
3, 97199537
List the prime factors of 567949355.
5, 113589871
What are the prime factors of 593738013?
3, 11, 17992061
What are the prime factors of 13742283?
3, 47, 97463
What are the prime factors of 11193720?
2, 3, 5, 93281
List the prime factors of 1080916866.
2, 3, 31, 41, 15749
List the prime factors of 100812774.
2, 3, 409, 41081
List the prime factors of 5519872780.
2, 5, 19, 14525981
List the prime factors of 430692726.
2, 3, 3209, 22369
What are the prime factors of 51574687?
51574687
What are the prime factors of 83100287?
269, 308923
List the prime factors of 328898142.
2, 3, 43, 73, 5821
List the prime factors of 104429172.
2, 3, 8702431
What are the prime factors of 94573058?
2, 61, 775189
What are the prime factors of 583184568?
2, 3, 307, 79151
What are the prime factors of 3731503?
89, 41927
List the prime factors of 292707534.
2, 3, 7, 419, 16633
What are the prime factors of 13018974?
2, 3, 17, 127637
What are the prime factors of 12806675?
5, 7, 73181
What are the prime factors of 2959073552?
2, 43, 277, 15527
List the prime factors of 1073058501.
3, 79, 4527673
What are the prime factors of 1231939836?
2, 3, 29, 1180019
List the prime factors of 631331919.
3, 53, 59, 22433
What are the prime factors of 2197181530?
2, 5, 419, 524387
What are the prime factors of 83494816?
2, 19, 89, 1543
What are the prime factors of 418253061?
3, 19, 67, 109519
What are the prime factors of 832372834?
2, 727, 572471
List the prime factors of 276709066.
2, 7883, 17551
List the prime factors of 1660000.
2, 5, 83
What are the prime factors of 45917141?
173, 265417
What are the prime factors of 76838198?
2, 17, 107, 21121
What are the prime factors of 56899159?
1907, 29837
List the prime factors of 277993286.
2, 138996643
List the prime factors of 3836469827.
29, 1559, 84857
What are the prime factors of 62634089?
7, 19, 470933
List the prime factors of 405910904.
2, 7, 17, 3583
List the prime factors of 6942673.
6942673
List the prime factors of 2250906495.
3, 5, 149, 1007117
What are the prime factors of 4952401882?
2, 67, 101, 3623
What are the prime factors of 413207700?
2, 3, 5, 1377359
What are the prime factors of 686626308?
2, 3, 461, 4597
What are the prime factors of 2191289529?
3, 11, 13, 31, 164771
What are the prime factors of 304997645?
5, 4649, 13121
What are the prime factors of 165854674?
2, 97, 854921
List the prime factors of 3755385989.
3755385989
List the prime factors of 162976571.
162976571
What are the prime factors of 18870481?
7, 37, 72859
What are the prime factors of 769828705?
5, 131, 277, 4243
List the prime factors of 1848212825.
5, 73928513
List the prime factors of 39781517.
59, 674263
List the prime factors of 2081740840.
2, 5, 52043521
What are the prime factors of 5156065219?
5156065219
List the prime factors of 274706747.
7, 43, 912647
List the prime factors of 83685650.
2, 5, 1673713
What are the prime factors of 106339675?
5, 13, 17, 19, 1013
What are the prime factors of 71312751?
3, 73, 97, 373
List the prime factors of 161871226.
2, 11, 37, 198859
List the prime factors of 34771549.
3889, 8941
List the prime factors of 83961022.
2, 41980511
List the prime factors of 40005006.
2, 3, 1637, 4073
What are the prime factors of 2948992061?
2948992061
List the prime factors of 1054406976.
2, 3, 7, 19, 157, 263
List the prime factors of 159327424.
2, 2489491
List the prime factors of 3949004171.
7, 17, 563, 58943
What are the prime factors of 85521239?
85521239
List the prime factors of 777144730.
2, 5, 77714473
What are the prime factors of 60533994?
2, 3, 571, 17669
List the prime factors of 765515993.
11, 69592363
What are the prime factors of 17290089?
3, 23, 101, 827
What are the prime factors of 262942086?
2, 3, 11, 61, 241, 271
List the prime factors of 2989624100.
2, 5, 29896241
List the prime factors of 43600193.
7, 13, 19, 151, 167
What are the prime factors of 2068713589?
41, 421, 119849
What are the prime factors of 172941915?
3, 5, 43, 53, 5059
List the prime factors of 1202291916.
2, 3, 7, 479, 29881
List the prime factors of 957627162.
2, 3, 47, 229, 4943
List the prime factors of 121802362.
2, 11, 5536471
List the prime factors of 1274904491.
7, 26018459
What are the prime factors of 17206217?
7, 2458031
List the prime factors of 1853580804.
2, 3, 154465067
List the prime factors of 587966129.
61, 89, 108301
List the prime factors of 2072422353.
3, 2707, 255193
List the prime factors of 1736035113.
3, 578678371
List the prime factors of 1604343318.
2, 3, 19, 307, 45841
What are the prime factors of 363463633?
13, 263, 106307
What are the prime factors of 38220820?
2, 5, 11, 67, 2593
What are the prime factors of 43722450?
2, 3, 5, 139, 233
List the prime factors of 421479056.
2, 4229, 6229
What are the prime factors of 2284504185?
3, 5, 152300279
List the prime factors of 17573120.
2, 5, 13729
What are the prime factors of 259957955?
5, 51991591
List the prime factors of 165555821.
165555821
What are the prime factors of 286132698?
2, 3, 71, 73, 3067
What are the prime factors of 2337128821?
29, 3167, 25447
List the prime factors of 481532954.
2, 7, 47, 439, 1667
What are the prime factors of 51095204?
2, 47, 173, 1571
List the prime factors of 1701003580.
2, 5, 85050179
What are the prime factors of 356688189?
3, 11, 13, 21319
What are the prime factors of 9351620?
2, 5, 137, 3413
What are the prime factors of 4879609652?
2, 12919, 94427
List the prime factors of 14992197.
3, 11, 19, 23911
What are the prime factors of 5086516074?
2, 3, 29, 89, 503, 653
List the prime factors of 1182323249.
953, 1033, 1201
List the prime factors of 207132439.
207132439
List the prime factors of 4383700.
2, 5, 59, 743
List the prime factors of 70488295.
5, 14097659
What are the prime factors of 5417209?
7, 797, 971
What are the prime factors of 2195708224?
2, 3463, 9907
List the prime factors of 449293098.
2, 3, 74882183
What are the prime factors of 695859189?
3, 151, 677, 2269
List the prime factors of 10646345.
5, 163, 13063
List the prime factors of 513800041.
18427, 27883
List the prime factors of 44222598.
2, 3, 7, 619
What are the prime factors of 575103854?
2, 13, 1553, 14243
What are the prime factors of 77587153?
7, 797, 13907
List the prime factors of 3116646692.
2, 311, 2505343
What are the prime factors of 85895388?
2, 3, 2385983
List the prime factors of 922969667.
421, 2192327
List the prime factors of 928371855.
3, 5, 61891457
What are the prime factors of 447209070?
2, 3, 5, 7, 11, 193597
List the prime factors of 3668312350.
2, 5, 73366247
List the prime factors of 32210999.
43, 749093
Lis